t g(i) = 5*b(i) - v(i). Determine g(5).
-1
Suppose 0 = 4*p - p - 3. Let c = p - -1. Suppose c*i = -6 - 2. Let r(a) = a**2 + 3*a - 3. What is r(i)?
1
Suppose 5*g - 15 + 51 = -2*b, 3*b + 20 = g. Let o = b - -12. Let d(v) = -4 + o + 2*v. Calculate d(-1).
-2
Let a(z) = -1 - 4 - 8*z - 7*z + 14*z. What is a(-5)?
0
Let q(g) = -g**2 - 5*g - 3. Suppose 0 = -0*h - h + 7. Suppose -k + 6*k + 4*v = h, 4*v = -3*k + 9. Let a be -5*(k + (-18)/(-10)). Determine q(a).
1
Suppose -75 = -2*l - l. Suppose -5*r - l = 3*y - 0*r, -2*y + 2*r - 6 = 0. Let c(f) = -f**2 - 5*f + 4. What is c(y)?
4
Suppose 2*g - 6*g - 28 = -2*a, 4*g + 4 = -4*a. Let u(s) = -s**3 + 5*s**2 - 6*s + 3. Calculate u(a).
-5
Let l(u) = u**2 + 3*u - 2. Let w be l(-4). Let d(j) = -3*j + 3. Calculate d(w).
-3
Let p(z) be the second derivative of z**4/4 - z**3/6 + z**2/2 + z. Give p(1).
3
Let b(o) = 4*o**2 - 5*o - 2. Let r(q) = -2*q - 6. Let a be r(-4). Let f(s) = -5*s**2 + 2 + a*s - s + 5*s. Let y(p) = 6*b(p) + 5*f(p). Calculate y(0).
-2
Let i(b) be the first derivative of b**4/4 - 4*b**3 - 7*b**2 + 16*b + 2. Determine i(13).
3
Let y(w) = w**2 + 6*w + 2. Let s be 4032/98 - (-1)/(-7). Suppose -5*i = s - 11. Determine y(i).
2
Suppose -4*j = -4*w + 16, -4*w + 5*j + 7 = -10. Let r(t) = t**w + 0 - 2*t + 3*t**2 - 2*t - 2. What is r(-4)?
-2
Suppose -g = 4*g + 4*h, 5*g - 5*h = 45. Let o(k) = 10 - g*k - 3 - 1. Give o(4).
-10
Let j(g) = -5*g**3 + 4*g**2 + 4*g**3 + 0*g**2 - g - g**2. Give j(3).
-3
Let c = -13 - -33. Let q be (-12)/10 - (-4)/c. Let o(u) be the first derivative of -2*u**2 - u - 3. What is o(q)?
3
Let b(a) be the second derivative of a**5/5 + a**4/6 - a**2/2 - 2*a. What is b(1)?
5
Let b be ((7/(-14))/(2/(-16)))/4. Let a(m) = -2*m**2 - m. Calculate a(b).
-3
Let l = 0 + -1. Let j be (-1 + 1 + 2)*l. Let g be (2 - j) + 0 + -1. Let x(b) = 2*b**2 - 3*b - 1. What is x(g)?
8
Let a(o) = o**2 + 6*o + 8. Let l be (-1)/(-7) + (-570)/21. Let g = l - -21. Determine a(g).
8
Let a(n) = -7*n**2 - 2*n - 1. Suppose d = -4*d + 10. Let o = d - 2. Suppose o = 2*v - 5*p + 27, 0*v + 3*p = -v + 14. Determine a(v).
-6
Let a(q) = q**2 - 2*q + 2. Let u be a(3). Suppose 6 - 21 = -u*g. Let h(i) = 9*i + 2*i**2 - 4 + 0*i**3 - i**3 - 4*i. Determine h(g).
2
Let k(f) be the third derivative of -5*f**2 + 0*f - 1/30*f**6 + 1/24*f**4 + 0 + 1/6*f**3 + 1/60*f**5. Give k(-1).
5
Let z(n) = n**3 - 7*n**2 - 2*n**3 - 9*n + 1 + 2*n**3 + 1. Let g be z(8). Let k(t) = t**3 + 5*t**2 - 4*t + 6. What is k(g)?
-6
Let g = -2 + -2. Let l(d) = -d**2 + 9*d. Let h(v) = -v**2 + 8*v. Let c(s) = g*h(s) + 3*l(s). What is c(5)?
0
Let n(h) be the first derivative of -h**3/3 - h**2/2 - h - 2. What is n(-3)?
-7
Let i(w) = 5*w - 7. Let z(c) = 2*c - 3. Let g = 4 - 7. Let x(y) = g*i(y) + 7*z(y). Let q(b) = -b. Let h(t) = 5*q(t) - 2*x(t). Calculate h(2).
-6
Let b(p) = -3*p - 2. Let c = -20 - -11. Let d = -6 - c. Suppose -y - d = -0. What is b(y)?
7
Let n(h) be the third derivative of -1/24*h**4 + 0 + 0*h - 1/60*h**5 + 5/6*h**3 + 2*h**2. Determine n(0).
5
Let u(h) = 2*h + 11. Let y be u(-5). Let o(d) = 5*d - 6*d - 13*d. Give o(y).
-14
Let v(g) = 2*g + 1. Let m(l) = l**2 + 11*l - 2. Let d be m(-9). Let k = 23 + d. Calculate v(k).
7
Let j = -68 + 38. Let p = j - -26. Let r(t) = -t**3 - 3*t**2 + 7*t + 6. Determine r(p).
-6
Let y(c) = -c**2 - 2*c - 7. Let t be y(0). Let s(l) = l + 9. Let w(j) = j + 10. Let f(h) = -4*s(h) + 3*w(h). Let b be f(t). Let k(g) = -4*g - 1. Calculate k(b).
-5
Let v(t) = t**2 - 2*t + 6. Let q(x) = x**2 - x + 7. Let d(z) = 4*q(z) - 5*v(z). Suppose -6*f - 6 = -5*f + 2*g, f + 5*g + 21 = 0. Calculate d(f).
6
Let q(w) = -w**3 + 9*w**2 - 9*w + 2. Let b be q(8). Let x(f) be the first derivative of -f**3/3 - 3*f**2 - 1. Let u be x(b). Let i(c) = c**2 - 3. What is i(u)?
-3
Let x = -64 - -65. Let a(m) = -11*m - 1. What is a(x)?
-12
Let r(y) be the first derivative of y**5/120 + 5*y**4/24 - y**3/3 + 1. Let j(f) be the third derivative of r(f). Calculate j(6).
11
Let h(u) = -7*u + 7. Let t(n) = 3*n - 3. Let z(y) = 2*h(y) + 5*t(y). Suppose -2*m - 5*f - 9 = 0, 4*m + 12 = -3*f - f. Determine z(m).
-3
Let u = 2 + -5. Let q be (-56)/12 + (-2)/u. Let o(y) = -y**3 - 4*y**2 - 2*y - 2. Calculate o(q).
6
Let h(m) be the second derivative of -m**5/20 - m**4/3 + 2*m**3/3 - m**2/2 - 31*m. Calculate h(-5).
4
Let r(x) = x**3 - 4*x**2 + 2*x + 1. Let h be (1/(-2))/(1/(-4)). Suppose 0 = k + 3*b + h*b + 8, 4*k - 16 = 4*b. Give r(k).
-3
Let h(f) = -2 - 2*f + 7 + 5*f + 0*f. Calculate h(-4).
-7
Let t(y) = -y - 18. Let r = -101 + 93. Determine t(r).
-10
Let o(v) be the third derivative of -v**6/120 - v**5/10 + v**4/24 + 4*v**2 - v. Determine o(-6).
-6
Let f = 2 + 2. Suppose -o + 11 = f*i, -2*i + 4*i + 2*o - 10 = 0. Let b(z) = z - 3 - 4*z**i - z**3 + z + z. Give b(-5).
7
Let z(n) = 4*n + 1. Let s(v) = -9*v - 3. Let t(a) = -3*s(a) - 7*z(a). Let m(c) = c**2 - 5*c + 7. Let d be m(4). Determine t(d).
-1
Let q(a) = 6*a - 3. Let n(d) = -5*d. Let u(x) = x. Let y(b) = -2*n(b) - 9*u(b). Let o(t) = -q(t) + 5*y(t). Determine o(5).
-2
Let q(s) = -3*s**3 - 2*s + 5. Let d(i) = -16*i**3 - 11*i + 24. Let c(p) = -2*d(p) + 11*q(p). Let l(n) = n**2 + 4*n + 3. Let m be l(-3). What is c(m)?
7
Let z be (-6)/9*(3 - 6). Let t(r) be the second derivative of r**5/20 - r**2/2 + 2*r. Give t(z).
7
Let c = -68 + 11. Let d = 89 + c. Suppose 3*i - 4*b = d, 2*i + 0*b = -5*b - 17. Let y(p) = -2*p + 4. Give y(i).
-4
Let d(q) = 5*q + 2. Suppose 5 = 8*t + 37. Calculate d(t).
-18
Let l(b) be the third derivative of b**5/20 + b**4/24 - b**3/3 + 6*b**2. What is l(2)?
12
Let d(h) = 0*h**2 + h + 4*h**2 + h**3 - 7*h**2. What is d(3)?
3
Let w(u) be the first derivative of u**3/3 - 3*u**2 - 5*u - 2. Calculate w(6).
-5
Let u(f) = -f**3 - f - 1. Let s be u(0). Let b be -2 + (-1)/s + 3. Let q(g) = -b*g + g**2 - 12 + 12. Determine q(3).
3
Suppose -13 = -2*a - 5. Let v = a - 9. Let b(n) = n**3 + 5*n**2 + 3*n + 6. Let j(w) = w**3 + 5*w**2 + 3*w + 7. Let m(k) = v*b(k) + 4*j(k). Give m(-5).
13
Let m be (-1)/((-1)/(-2)) + 2. Suppose 3*g + s - 16 = m, 5*g + s + 4*s - 40 = 0. Let k(l) = -2*l**2 + 3*l + 5. Give k(g).
-15
Let j = -32 + 32. Let y(m) = 0*m - 5 - 3 - m + m**3 - m**2. Determine y(j).
-8
Let y(z) = -z. Let i = -18 + 24. Calculate y(i).
-6
Let u(t) = 5*t. Let x(p) = p + 1. Let s(d) = -u(d) + 4*x(d). Let z(g) = g. Let n = 6 + -4. Let v(q) = n*z(q) + s(q). What is v(-4)?
0
Let n(a) = -a**3 + 3*a**2 + a - 1. Let b(g) = 3*g + 3. Let u be b(0). Calculate n(u).
2
Suppose -2 = 5*c - 12. Let g(z) = -2*z**2 + 5*z**3 + 0*z**c + 0*z**3 + 3 - 3*z**3 - 3*z. What is g(2)?
5
Let s be (-13)/(-4) - 8/32. Suppose 3*g - 6*g - s = 0. Let j(f) = -f**3 + 2*f**2 + 2*f + 1. What is j(g)?
2
Let r(u) = -3*u - 2. Let f be r(-3). Let t(v) = -3*v + 2*v + f*v - v + 1. Determine t(1).
6
Let f(q) = 7*q + 11*q - 20*q + 1. Determine f(-5).
11
Let l = -431/6 + 72. Let o(j) be the third derivative of -l*j**3 - 2*j**2 - 1/12*j**4 + 0 + 0*j. Determine o(-2).
3
Let f(n) = -9*n - 17. Let m(r) = 5*r + 8. Let q(k) = 6*f(k) + 11*m(k). Determine q(6).
-8
Suppose -s + 6*s - v - 10 = 0, -5*s - 4*v + 10 = 0. Let d(p) = 2*p - 2. Let z be d(s). Let f(q) = -q + 0*q + 0 - 1. What is f(z)?
-3
Let u(n) = 29*n - 12*n - 15*n - 6. Determine u(4).
2
Let p(q) = q**2 - q**3 - q - 4 - 5*q**2 + 0*q**3. Suppose w = 93 - 97. Determine p(w).
0
Let b(t) be the first derivative of 1 + 3*t - 1/2*t**2. Let p = 3 - 1. Determine b(p).
1
Let r(w) = w**3 - w**2 - 3*w - 3. Suppose 4*g + 1 = 13. Determine r(g).
6
Let t(z) = z**2 + 2*z - 1. Let w(p) be the first derivative of -5*p**3/3 - p**2 - p + 2. Let n be w(-1). What is t(n)?
7
Suppose -2*z - 13 = -23. Let y(k) = -k**2 + 8*k - 7. Determine y(z).
8
Let u(o) = 3*o + 5. Let p(h) = -7*h - 11. Let k(g) = -4*p(g) - 10*u(g). Give k(-4).
2
Let g(v) = -v**2 + 8*v - 6. Suppose -19 = 3*l - 4*l. Let a = 25 - l. Calculate g(a).
6
Let y(r) = r**3 - 5*r**2 - 6*r + 3. Let p(z) = z**2 + z - 2. Let t be p(-3). Suppose -3*x = 2*x - 5*m - 20, t*m = -3*x + 26. What is y(x)?
3
Let v = 17 - 16. Let h(m) = -6*m**2 - 2*m + 1. Calculate h(v).
-7
Let l(w) = w - 4. Let k be (-2 - (2 - 2)) + 7. Determine l(k).
1
Let q(p) be the third derivative of -p**5/60 - 10*p**2. What is q(1)?
-1
Let l(b) = -2*b - 9. Let s(t) = 3*t + 17. Let w(q) = 7*l(q) + 4*s(q). Give w(-6).
17
Let 